{"id":2,"date":"2024-10-09T07:46:44","date_gmt":"2024-10-09T06:46:44","guid":{"rendered":"https:\/\/test.itpro.si\/?page_id=2"},"modified":"2024-10-09T15:16:12","modified_gmt":"2024-10-09T14:16:12","slug":"vzorcna-stran","status":"publish","type":"page","link":"https:\/\/test.itpro.si\/?page_id=2","title":{"rendered":"O nas&#8230;"},"content":{"rendered":"\n<p><\/p>\n\n\n\n<p><\/p>\n\n\n\n<p>Podjetje ITpro je bilo ustanovljeno z jasnim ciljem: zagotavljati vrhunske IT re\u0161itve, ki so prilagojene specifi\u010dnim potrebam na\u0161ih strank. Smo ekipa predanih strokovnjakov z bogatimi izku\u0161njami na podro\u010dju informacijskih tehnologij, ki verjamemo v mo\u010d tehnologije za izbolj\u0161anje poslovnih procesov in pove\u010danje u\u010dinkovitosti ter agotavljanju najvi\u0161je kakovosti storitev.<\/p>\n\n\n\n<p><\/p>\n\n\n\n<p><\/p>\n\n\n\n<p>Na\u0161 cilj je preprost &#8211; pomagati podjetjem vseh velikosti pri doseganju njihovih ciljev z uporabo naprednih IT re\u0161itev. Ne glede na to, ali gre za postavitev nove IT infrastrukture, vzdr\u017eevanje obstoje\u010dih sistemov ali obnovo in nadgradnjo, smo tukaj, da zagotovimo, da va\u0161a tehnologija deluje brezhibno in u\u010dinkovito.<\/p>\n\n\n\n<p><\/p>\n\n\n\n<p><\/p>\n","protected":false},"excerpt":{"rendered":"<p>Podjetje ITpro je bilo ustanovljeno z jasnim ciljem: zagotavljati vrhunske IT re\u0161itve, ki so prilagojene specifi\u010dnim potrebam na\u0161ih strank. Smo ekipa predanih strokovnjakov z bogatimi izku\u0161njami na podro\u010dju informacijskih tehnologij, ki verjamemo v mo\u010d tehnologije za izbolj\u0161anje poslovnih procesov in pove\u010danje u\u010dinkovitosti ter agotavljanju najvi\u0161je kakovosti storitev. Na\u0161 cilj je preprost &#8211; pomagati podjetjem vseh [&hellip;]<\/p>\n","protected":false},"author":1,"featured_media":0,"parent":0,"menu_order":0,"comment_status":"closed","ping_status":"open","template":"","meta":{"footnotes":""},"class_list":["post-2","page","type-page","status-publish","hentry"],"_links":{"self":[{"href":"https:\/\/test.itpro.si\/index.php?rest_route=\/wp\/v2\/pages\/2","targetHints":{"allow":["GET"]}}],"collection":[{"href":"https:\/\/test.itpro.si\/index.php?rest_route=\/wp\/v2\/pages"}],"about":[{"href":"https:\/\/test.itpro.si\/index.php?rest_route=\/wp\/v2\/types\/page"}],"author":[{"embeddable":true,"href":"https:\/\/test.itpro.si\/index.php?rest_route=\/wp\/v2\/users\/1"}],"replies":[{"embeddable":true,"href":"https:\/\/test.itpro.si\/index.php?rest_route=%2Fwp%2Fv2%2Fcomments&post=2"}],"version-history":[{"count":7,"href":"https:\/\/test.itpro.si\/index.php?rest_route=\/wp\/v2\/pages\/2\/revisions"}],"predecessor-version":[{"id":109,"href":"https:\/\/test.itpro.si\/index.php?rest_route=\/wp\/v2\/pages\/2\/revisions\/109"}],"wp:attachment":[{"href":"https:\/\/test.itpro.si\/index.php?rest_route=%2Fwp%2Fv2%2Fmedia&parent=2"}],"curies":[{"name":"wp","href":"https:\/\/api.w.org\/{rel}","templated":true}]}}